{"id":166,"date":"2025-03-23T15:14:56","date_gmt":"2025-03-23T14:14:56","guid":{"rendered":"https:\/\/arc-en-crea.fr\/?page_id=166"},"modified":"2025-03-31T21:47:08","modified_gmt":"2025-03-31T19:47:08","slug":"accueil","status":"publish","type":"page","link":"https:\/\/arc-en-crea.fr\/","title":{"rendered":"Accueil"},"content":{"rendered":"\n<figure class=\"wp-block-image aligncenter size-large is-resized\" style=\"margin-top:0px;margin-bottom:0px\"><img loading=\"lazy\" decoding=\"async\" width=\"1024\" height=\"683\" src=\"https:\/\/arc-en-crea.fr\/wp-content\/uploads\/2025\/03\/group-cheerful-friends-eating-donuts-cafe-1024x683.webp\" alt=\"\" class=\"wp-image-226\" style=\"aspect-ratio:16\/9;object-fit:cover;width:1200px\" srcset=\"https:\/\/arc-en-crea.fr\/wp-content\/uploads\/2025\/03\/group-cheerful-friends-eating-donuts-cafe-1024x683.webp 1024w, https:\/\/arc-en-crea.fr\/wp-content\/uploads\/2025\/03\/group-cheerful-friends-eating-donuts-cafe-300x200.webp 300w, https:\/\/arc-en-crea.fr\/wp-content\/uploads\/2025\/03\/group-cheerful-friends-eating-donuts-cafe-768x512.webp 768w, https:\/\/arc-en-crea.fr\/wp-content\/uploads\/2025\/03\/group-cheerful-friends-eating-donuts-cafe-1536x1024.webp 1536w, https:\/\/arc-en-crea.fr\/wp-content\/uploads\/2025\/03\/group-cheerful-friends-eating-donuts-cafe-2048x1366.webp 2048w\" sizes=\"auto, (max-width: 1024px) 100vw, 1024px\" \/><\/figure>\n\n\n\n<h1 class=\"wp-block-heading has-text-align-center\" style=\"margin-top:var(--wp--preset--spacing--50);margin-bottom:var(--wp--preset--spacing--50)\">Une pause aux saveurs Basques<\/h1>\n\n\n\n<div class=\"wp-block-buttons is-content-justification-center is-layout-flex wp-container-core-buttons-is-layout-48d0e691 wp-block-buttons-is-layout-flex\" style=\"margin-top:var(--wp--preset--spacing--60);margin-bottom:var(--wp--preset--spacing--60)\">\n<div class=\"wp-block-button is-style-outline is-style-outline--1\"><a class=\"wp-block-button__link has-text-align-center wp-element-button\" href=\"https:\/\/arc-en-crea.fr\/index.php\/notre-carte\/\">D\u00e9couvrez nos produits<\/a><\/div>\n<\/div>\n\n\n\n<div class=\"wp-block-columns are-vertically-aligned-center has-ast-global-color-1-background-color has-background is-layout-flex wp-container-core-columns-is-layout-65eef5bf wp-block-columns-is-layout-flex\">\n<div class=\"wp-block-column is-vertically-aligned-center is-layout-flow wp-block-column-is-layout-flow\">\n<div class=\"wp-block-group is-content-justification-left is-layout-constrained wp-container-core-group-is-layout-672abc19 wp-block-group-is-layout-constrained\">\n<h2 class=\"wp-block-heading has-ast-global-color-0-color has-text-color has-link-color wp-elements-0d0d558259d95959a9f10142be7a29b2\">\u00c0 propos<\/h2>\n\n\n\n<p class=\"has-ast-global-color-4-color has-text-color has-link-color wp-elements-1c0467ab6f833aae353c96f62e2411ae\" style=\"margin-top:var(--wp--preset--spacing--50);margin-right:0;margin-bottom:var(--wp--preset--spacing--50);margin-left:0;padding-right:15px;padding-left:15px\">Nous sommes L\u00e9a Alvarez et Sophie Dubois, toutes deux originaires du Pays-Basque et \u00e2g\u00e9es de 25 ans, nous sommes attach\u00e9es aux traditions et \u00e0 la culture de notre r\u00e9gion.<br>Notre sp\u00e9cialit\u00e9 ? Les donuts faits maison !<\/p>\n\n\n\n<div class=\"wp-block-buttons is-layout-flex wp-block-buttons-is-layout-flex\">\n<div class=\"wp-block-button\"><a class=\"wp-block-button__link wp-element-button\" href=\"https:\/\/arc-en-crea.fr\/index.php\/a-propos\/\">En savoir plus<\/a><\/div>\n<\/div>\n<\/div>\n<\/div>\n\n\n\n<div class=\"wp-block-column is-vertically-aligned-center is-layout-flow wp-block-column-is-layout-flow\">\n<div class=\"wp-block-media-text has-media-on-the-right is-stacked-on-mobile uag-hide-tab uag-hide-mob\" style=\"margin-top:0px;margin-bottom:0px;padding-top:0px;padding-bottom:0px\"><div class=\"wp-block-media-text__content\">\n<p><\/p>\n<\/div><figure class=\"wp-block-media-text__media\"><img loading=\"lazy\" decoding=\"async\" width=\"600\" height=\"600\" src=\"https:\/\/arc-en-crea.fr\/wp-content\/uploads\/2025\/03\/Blanc.png\" alt=\"\" class=\"wp-image-171 size-full\" srcset=\"https:\/\/arc-en-crea.fr\/wp-content\/uploads\/2025\/03\/Blanc.png 600w, https:\/\/arc-en-crea.fr\/wp-content\/uploads\/2025\/03\/Blanc-300x300.png 300w, https:\/\/arc-en-crea.fr\/wp-content\/uploads\/2025\/03\/Blanc-150x150.png 150w\" sizes=\"auto, (max-width: 600px) 100vw, 600px\" \/><\/figure><\/div>\n<\/div>\n<\/div>\n\n\n\n<div class=\"wp-block-columns are-vertically-aligned-center is-layout-flex wp-container-core-columns-is-layout-65eef5bf wp-block-columns-is-layout-flex\">\n<div class=\"wp-block-column is-vertically-aligned-center is-layout-flow wp-block-column-is-layout-flow\">\n<div class=\"wp-block-media-text is-stacked-on-mobile\" style=\"grid-template-columns:69% auto\"><figure class=\"wp-block-media-text__media\"><img loading=\"lazy\" decoding=\"async\" width=\"1024\" height=\"682\" src=\"https:\/\/arc-en-crea.fr\/wp-content\/uploads\/2025\/03\/delicious-donuts-1-1024x682.webp\" alt=\"\" class=\"wp-image-459 size-full\" srcset=\"https:\/\/arc-en-crea.fr\/wp-content\/uploads\/2025\/03\/delicious-donuts-1-1024x682.webp 1024w, https:\/\/arc-en-crea.fr\/wp-content\/uploads\/2025\/03\/delicious-donuts-1-300x200.webp 300w, https:\/\/arc-en-crea.fr\/wp-content\/uploads\/2025\/03\/delicious-donuts-1-768x512.webp 768w, https:\/\/arc-en-crea.fr\/wp-content\/uploads\/2025\/03\/delicious-donuts-1.webp 1445w\" sizes=\"auto, (max-width: 1024px) 100vw, 1024px\" \/><\/figure><div class=\"wp-block-media-text__content\">\n<p><\/p>\n<\/div><\/div>\n<\/div>\n\n\n\n<div class=\"wp-block-column is-vertically-aligned-center is-layout-flow wp-block-column-is-layout-flow\">\n<div class=\"wp-block-group is-content-justification-left is-layout-constrained wp-container-core-group-is-layout-672abc19 wp-block-group-is-layout-constrained\">\n<h2 class=\"wp-block-heading has-ast-global-color-1-color has-text-color has-link-color wp-elements-5e83256f77a51cc6a40c6cce345e83bc\">Notre produit phare<\/h2>\n\n\n\n<p class=\"has-ast-global-color-1-color has-text-color has-link-color wp-elements-97a3d485aaaef63bd74e5350f746e7f6\" style=\"margin-top:var(--wp--preset--spacing--50);margin-right:0;margin-bottom:var(--wp--preset--spacing--50);margin-left:0;padding-right:15px;padding-left:15px\">Le donut au chocolat est le produits le plus appr\u00e9ci\u00e9. Napp\u00e9 d\u2019un chocolat fondant et garni de chocolat noir il vous ferra fondre \u00e0 coup s\u00fbr&#8230;<\/p>\n\n\n\n<div class=\"wp-block-buttons is-layout-flex wp-block-buttons-is-layout-flex\">\n<div class=\"wp-block-button is-style-outline is-style-outline--2\"><a class=\"wp-block-button__link wp-element-button\" href=\"https:\/\/arc-en-crea.fr\/index.php\/notre-carte\/\">D\u00e9couvrez notre carte<\/a><\/div>\n<\/div>\n<\/div>\n<\/div>\n<\/div>\n\n\n\n<div class=\"wp-block-columns are-vertically-aligned-center has-ast-global-color-1-background-color has-background is-layout-flex wp-container-core-columns-is-layout-65eef5bf wp-block-columns-is-layout-flex\">\n<div class=\"wp-block-column is-vertically-aligned-center is-layout-flow wp-block-column-is-layout-flow\">\n<div class=\"wp-block-group is-content-justification-left is-layout-constrained wp-container-core-group-is-layout-672abc19 wp-block-group-is-layout-constrained\">\n<h2 class=\"wp-block-heading has-ast-global-color-0-color has-text-color has-link-color wp-elements-40679173606946d0984d1411e031f829\">Nos engagements<\/h2>\n\n\n\n<p class=\"has-ast-global-color-4-color has-text-color has-link-color wp-elements-08dee9a31e7c5061e763596e8e6faa37\" style=\"margin-top:var(--wp--preset--spacing--50);margin-right:0;margin-bottom:var(--wp--preset--spacing--50);margin-left:0;padding-right:15px;padding-left:15px\">Notre carte est actualis\u00e9e chaque saison afin de vous faire profiter de produits frais, de qualit\u00e9, fran\u00e7ais et le plus possible locaux.<\/p>\n\n\n\n<div class=\"wp-block-buttons is-layout-flex wp-block-buttons-is-layout-flex\">\n<div class=\"wp-block-button\"><a class=\"wp-block-button__link wp-element-button\" href=\"https:\/\/arc-en-crea.fr\/index.php\/nos-ingredients\/\">En savoir plus<\/a><\/div>\n<\/div>\n<\/div>\n<\/div>\n\n\n\n<div class=\"wp-block-column is-vertically-aligned-center is-layout-flow wp-block-column-is-layout-flow\">\n<div class=\"wp-block-media-text has-media-on-the-right uag-hide-tab uag-hide-mob\"><div class=\"wp-block-media-text__content\">\n<p><\/p>\n<\/div><figure class=\"wp-block-media-text__media\"><img loading=\"lazy\" decoding=\"async\" width=\"600\" height=\"600\" src=\"https:\/\/arc-en-crea.fr\/wp-content\/uploads\/2025\/03\/Visage-blanc-rouge.png\" alt=\"\" class=\"wp-image-177 size-full\" srcset=\"https:\/\/arc-en-crea.fr\/wp-content\/uploads\/2025\/03\/Visage-blanc-rouge.png 600w, https:\/\/arc-en-crea.fr\/wp-content\/uploads\/2025\/03\/Visage-blanc-rouge-300x300.png 300w, https:\/\/arc-en-crea.fr\/wp-content\/uploads\/2025\/03\/Visage-blanc-rouge-150x150.png 150w\" sizes=\"auto, (max-width: 600px) 100vw, 600px\" \/><\/figure><\/div>\n<\/div>\n<\/div>\n\n\n\n<p><\/p>\n","protected":false},"excerpt":{"rendered":"<p>Une pause aux saveurs Basques \u00c0 propos Nous sommes L\u00e9a Alvarez et Sophie Dubois, toutes deux originaires du Pays-Basque et [&hellip;]<\/p>\n","protected":false},"author":1,"featured_media":0,"parent":0,"menu_order":0,"comment_status":"closed","ping_status":"closed","template":"","meta":{"_uag_custom_page_level_css":"","site-sidebar-layout":"default","site-content-layout":"","ast-site-content-layout":"","site-content-style":"default","site-sidebar-style":"default","ast-global-header-display":"","ast-banner-title-visibility":"","ast-main-header-display":"","ast-hfb-above-header-display":"","ast-hfb-below-header-display":"","ast-hfb-mobile-header-display":"","site-post-title":"disabled","ast-breadcrumbs-content":"","ast-featured-img":"","footer-sml-layout":"","theme-transparent-header-meta":"","adv-header-id-meta":"","stick-header-meta":"","header-above-stick-meta":"","header-main-stick-meta":"","header-below-stick-meta":"","astra-migrate-meta-layouts":"default","ast-page-background-enabled":"default","ast-page-background-meta":{"desktop":{"background-color":"var(--ast-global-color-4)","background-image":"","background-repeat":"repeat","background-position":"center center","background-size":"auto","background-attachment":"scroll","background-type":"","background-media":"","overlay-type":"","overlay-color":"","overlay-opacity":"","overlay-gradient":""},"tablet":{"background-color":"","background-image":"","background-repeat":"repeat","background-position":"center center","background-size":"auto","background-attachment":"scroll","background-type":"","background-media":"","overlay-type":"","overlay-color":"","overlay-opacity":"","overlay-gradient":""},"mobile":{"background-color":"","background-image":"","background-repeat":"repeat","background-position":"center center","background-size":"auto","background-attachment":"scroll","background-type":"","background-media":"","overlay-type":"","overlay-color":"","overlay-opacity":"","overlay-gradient":""}},"ast-content-background-meta":{"desktop":{"background-color":"var(--ast-global-color-5)","background-image":"","background-repeat":"repeat","background-position":"center center","background-size":"auto","background-attachment":"scroll","background-type":"","background-media":"","overlay-type":"","overlay-color":"","overlay-opacity":"","overlay-gradient":""},"tablet":{"background-color":"var(--ast-global-color-5)","background-image":"","background-repeat":"repeat","background-position":"center center","background-size":"auto","background-attachment":"scroll","background-type":"","background-media":"","overlay-type":"","overlay-color":"","overlay-opacity":"","overlay-gradient":""},"mobile":{"background-color":"var(--ast-global-color-5)","background-image":"","background-repeat":"repeat","background-position":"center center","background-size":"auto","background-attachment":"scroll","background-type":"","background-media":"","overlay-type":"","overlay-color":"","overlay-opacity":"","overlay-gradient":""}},"footnotes":""},"class_list":["post-166","page","type-page","status-publish","hentry"],"uagb_featured_image_src":{"full":false,"thumbnail":false,"medium":false,"medium_large":false,"large":false,"1536x1536":false,"2048x2048":false},"uagb_author_info":{"display_name":"admin9081","author_link":"https:\/\/arc-en-crea.fr\/index.php\/author\/admin9081\/"},"uagb_comment_info":0,"uagb_excerpt":"Une pause aux saveurs Basques \u00c0 propos Nous sommes L\u00e9a Alvarez et Sophie Dubois, toutes deux originaires du Pays-Basque et [&hellip;]","_links":{"self":[{"href":"https:\/\/arc-en-crea.fr\/index.php\/wp-json\/wp\/v2\/pages\/166","targetHints":{"allow":["GET"]}}],"collection":[{"href":"https:\/\/arc-en-crea.fr\/index.php\/wp-json\/wp\/v2\/pages"}],"about":[{"href":"https:\/\/arc-en-crea.fr\/index.php\/wp-json\/wp\/v2\/types\/page"}],"author":[{"embeddable":true,"href":"https:\/\/arc-en-crea.fr\/index.php\/wp-json\/wp\/v2\/users\/1"}],"replies":[{"embeddable":true,"href":"https:\/\/arc-en-crea.fr\/index.php\/wp-json\/wp\/v2\/comments?post=166"}],"version-history":[{"count":27,"href":"https:\/\/arc-en-crea.fr\/index.php\/wp-json\/wp\/v2\/pages\/166\/revisions"}],"predecessor-version":[{"id":460,"href":"https:\/\/arc-en-crea.fr\/index.php\/wp-json\/wp\/v2\/pages\/166\/revisions\/460"}],"wp:attachment":[{"href":"https:\/\/arc-en-crea.fr\/index.php\/wp-json\/wp\/v2\/media?parent=166"}],"curies":[{"name":"wp","href":"https:\/\/api.w.org\/{rel}","templated":true}]}}